{"id":13,"date":"2024-07-23T17:45:56","date_gmt":"2024-07-23T15:45:56","guid":{"rendered":"https:\/\/cheerful-ben373d28f5149f.wordpress.com\/?page_id=13"},"modified":"2024-08-09T17:45:39","modified_gmt":"2024-08-09T15:45:39","slug":"contact","status":"publish","type":"page","link":"https:\/\/www.takumispirit.fr\/index.php\/contact\/","title":{"rendered":"Contact"},"content":{"rendered":"\n<p>Vous \u00eates caviste, restaurateur, barman, \u00e9picier, h\u00f4telier, journaliste, blogger, influenceur ou tout simplement int\u00e9ress\u00e9 par nos producteurs et nos cuv\u00e9es ? Contactez-nous en pr\u00e9cisant votre fonction et le nom de votre \u00e9tablissement, magasine blog ou cha\u00eene et nous nous ferons un plaisir de vous r\u00e9pondre !<\/p>\n\n\n\n<p><\/p>\n\n\n\n<p>Envoyez nous un email \u00e0 contact@takumispirit.fr avec :<\/p>\n\n\n\n<ul class=\"wp-block-list\">\n<li>Votre nom et pr\u00e9nom<\/li>\n\n\n\n<li>Le nom de votre \u00e9tablissement<\/li>\n\n\n\n<li>Votre demande <\/li>\n<\/ul>\n\n\n\n<p><\/p>\n\n\n\n<p>Nous reviendrons vers vous au plus vite pour vous mettre en relation avec l&#8217;un de nos agents et vous faire d\u00e9couvrir nos cuv\u00e9es !<\/p>\n","protected":false},"excerpt":{"rendered":"<p>Vous \u00eates caviste, restaurateur, barman, \u00e9picier, h\u00f4telier, journaliste, blogger, influenceur ou tout simplement int\u00e9ress\u00e9 par nos producteurs et nos cuv\u00e9es ? Contactez-nous en pr\u00e9cisant votre fonction et le nom de votre \u00e9tablissement, magasine blog ou cha\u00eene et nous nous ferons un plaisir de vous r\u00e9pondre ! Envoyez nous un email \u00e0 contact@takumispirit.fr avec : Nous [&hellip;]<\/p>\n","protected":false},"author":1,"featured_media":0,"parent":0,"menu_order":0,"comment_status":"closed","ping_status":"closed","template":"","meta":{"footnotes":""},"class_list":["post-13","page","type-page","status-publish","hentry"],"_links":{"self":[{"href":"https:\/\/www.takumispirit.fr\/index.php\/wp-json\/wp\/v2\/pages\/13","targetHints":{"allow":["GET"]}}],"collection":[{"href":"https:\/\/www.takumispirit.fr\/index.php\/wp-json\/wp\/v2\/pages"}],"about":[{"href":"https:\/\/www.takumispirit.fr\/index.php\/wp-json\/wp\/v2\/types\/page"}],"author":[{"embeddable":true,"href":"https:\/\/www.takumispirit.fr\/index.php\/wp-json\/wp\/v2\/users\/1"}],"replies":[{"embeddable":true,"href":"https:\/\/www.takumispirit.fr\/index.php\/wp-json\/wp\/v2\/comments?post=13"}],"version-history":[{"count":4,"href":"https:\/\/www.takumispirit.fr\/index.php\/wp-json\/wp\/v2\/pages\/13\/revisions"}],"predecessor-version":[{"id":430,"href":"https:\/\/www.takumispirit.fr\/index.php\/wp-json\/wp\/v2\/pages\/13\/revisions\/430"}],"wp:attachment":[{"href":"https:\/\/www.takumispirit.fr\/index.php\/wp-json\/wp\/v2\/media?parent=13"}],"curies":[{"name":"wp","href":"https:\/\/api.w.org\/{rel}","templated":true}]}}